{"id":35,"date":"2011-03-23T07:15:38","date_gmt":"2011-03-23T07:15:38","guid":{"rendered":"http:\/\/seicamare.tntregis.com\/?page_id=35"},"modified":"2014-02-21T08:54:00","modified_gmt":"2014-02-21T08:54:00","slug":"structura","status":"publish","type":"page","link":"https:\/\/www.liceuliacobeni.ro\/?page_id=35","title":{"rendered":"\u00cenv\u0103\u0163\u0103tori"},"content":{"rendered":"<p><a href=\"http:\/\/www.liceuliacobeni.ro\/wp-content\/uploads\/2011\/03\/Invatatori1.pdf\">Invatatori<\/a><\/p>\n<!-- PHP 5.x -->","protected":false},"excerpt":{"rendered":"<p>Invatatori<\/p>\n","protected":false},"author":4,"featured_media":0,"parent":30,"menu_order":1,"comment_status":"open","ping_status":"open","template":"","meta":{"footnotes":"","_links_to":"","_links_to_target":""},"class_list":["post-35","page","type-page","status-publish","hentry"],"_links":{"self":[{"href":"https:\/\/www.liceuliacobeni.ro\/index.php?rest_route=\/wp\/v2\/pages\/35","targetHints":{"allow":["GET"]}}],"collection":[{"href":"https:\/\/www.liceuliacobeni.ro\/index.php?rest_route=\/wp\/v2\/pages"}],"about":[{"href":"https:\/\/www.liceuliacobeni.ro\/index.php?rest_route=\/wp\/v2\/types\/page"}],"author":[{"embeddable":true,"href":"https:\/\/www.liceuliacobeni.ro\/index.php?rest_route=\/wp\/v2\/users\/4"}],"replies":[{"embeddable":true,"href":"https:\/\/www.liceuliacobeni.ro\/index.php?rest_route=%2Fwp%2Fv2%2Fcomments&post=35"}],"version-history":[{"count":5,"href":"https:\/\/www.liceuliacobeni.ro\/index.php?rest_route=\/wp\/v2\/pages\/35\/revisions"}],"predecessor-version":[{"id":242,"href":"https:\/\/www.liceuliacobeni.ro\/index.php?rest_route=\/wp\/v2\/pages\/35\/revisions\/242"}],"up":[{"embeddable":true,"href":"https:\/\/www.liceuliacobeni.ro\/index.php?rest_route=\/wp\/v2\/pages\/30"}],"wp:attachment":[{"href":"https:\/\/www.liceuliacobeni.ro\/index.php?rest_route=%2Fwp%2Fv2%2Fmedia&parent=35"}],"curies":[{"name":"wp","href":"https:\/\/api.w.org\/{rel}","templated":true}]}}