{"id":68,"date":"2011-03-23T07:27:34","date_gmt":"2011-03-23T07:27:34","guid":{"rendered":"http:\/\/seicamare.tntregis.com\/?page_id=68"},"modified":"2023-10-27T11:25:19","modified_gmt":"2023-10-27T11:25:19","slug":"contact","status":"publish","type":"page","link":"https:\/\/www.liceuliacobeni.ro\/?page_id=68","title":{"rendered":"Contact"},"content":{"rendered":"<p>LICEUL TEHNOLOGIC IACOBENI,<br \/>\nTelefon 0269513765<\/p>\n<table border=\"0\" cellspacing=\"0\" cellpadding=\"0\">\n<tbody>\n<tr>\n<td valign=\"top\" width=\"667\">\n<ul>\n<li><strong>DIRECTOR &#8211; prof. Vasile Z\u00c3M\u00c3C\u00c3U<\/strong><\/li>\n<li><strong>DIRECTOR ADJUNCT \u2013 prof. Nicolae MEDREA-SECERE<\/strong><\/li>\n<li><strong>Date de contact:<\/strong><\/li>\n<\/ul>\n<table border=\"1\" cellspacing=\"0\" cellpadding=\"0\">\n<tbody>\n<tr>\n<td width=\"193\">\n<p align=\"center\">Adresa<\/p>\n<\/td>\n<td width=\"119\">\n<p align=\"center\">Telefon<\/p>\n<\/td>\n<td width=\"119\">\n<p align=\"center\">Fax<\/p>\n<\/td>\n<td width=\"222\">\n<p align=\"center\">Email<\/p>\n<\/td>\n<\/tr>\n<tr>\n<td width=\"193\">\n<p align=\"center\">Jude\u0163: Sibiu;<br \/>\nLocalitate: Iacobeni;<br \/>\nStrada: nr.67 A<\/p>\n<\/td>\n<td width=\"119\">\n<p align=\"center\">0269513765<\/p>\n<\/td>\n<td width=\"119\">\n<p align=\"center\">0269513765<\/p>\n<\/td>\n<td width=\"222\">\n<p align=\"center\"><span style=\"text-decoration: underline;\"><a href=\"mailto:sciacobeni@yahoo.com\">sciacobeni@yahoo.com<\/a><\/span><\/p>\n<\/td>\n<\/tr>\n<\/tbody>\n<\/table>\n<ul>\n<li><strong>Detalii unitate: <\/strong><\/li>\n<\/ul>\n<table border=\"1\" cellspacing=\"0\" cellpadding=\"0\">\n<tbody>\n<tr>\n<td width=\"331\">\n<p align=\"center\">Unitate cu personaliate juridica<\/p>\n<\/td>\n<td width=\"256\">\n<p align=\"center\">Tip unitate<\/p>\n<\/td>\n<td width=\"72\">\n<p align=\"center\">Fel<\/p>\n<\/td>\n<\/tr>\n<tr>\n<td width=\"331\">\n<p align=\"center\">Da<\/p>\n<\/td>\n<td width=\"256\">\n<p align=\"center\">LICEU TEHNOLOGIC<\/p>\n<\/td>\n<td width=\"72\">\n<p align=\"center\">de stat<\/p>\n<\/td>\n<\/tr>\n<\/tbody>\n<\/table>\n<ul>\n<li><strong>Structura:<\/strong><\/li>\n<\/ul>\n<table border=\"1\" cellspacing=\"0\" cellpadding=\"0\">\n<tbody>\n<tr>\n<td width=\"287\">\n<p align=\"center\">Denumire structur\u0103<\/p>\n<\/td>\n<td width=\"139\">\n<p align=\"center\">Adresa<\/p>\n<\/td>\n<td width=\"236\">\n<p align=\"center\">Tip unitate<\/p>\n<\/td>\n<\/tr>\n<tr>\n<td width=\"287\">\n<p align=\"center\">\u015eCOALA PRIMAR\u0102 NETU\u015e<\/p>\n<\/td>\n<td width=\"139\">\n<p align=\"center\">Jude\u0163: Sibiu;<br \/>\nLocalitate: Netus;<br \/>\nStrada: nr.42<\/p>\n<\/td>\n<td width=\"236\">\n<p align=\"center\">Scoala cu cls I-IV<\/p>\n<\/td>\n<\/tr>\n<tr>\n<td width=\"287\">\n<p align=\"center\">\u015eCOALA PRIMAR\u0102 STEJ\u0102RI\u015eU<\/p>\n<\/td>\n<td width=\"139\">\n<p align=\"center\">Jude\u0163: Sibiu;<br \/>\nLocalitate: Stejarisu;<br \/>\nStrada: nr.63<\/p>\n<\/td>\n<td width=\"236\">\n<p align=\"center\">Scoala cu cls I-IV<\/p>\n<\/td>\n<\/tr>\n<tr>\n<td width=\"287\">\n<p align=\"center\">\u015eCOALA PRIMAR\u0102 MOVILE<\/p>\n<\/td>\n<td width=\"139\">\n<p align=\"center\">Jude\u0163: Sibiu;<br \/>\nLocalitate: Movile;<br \/>\nStrada: nr.75<\/p>\n<\/td>\n<td width=\"236\">\n<p align=\"center\">Scoala cu cls I-IV<\/p>\n<\/td>\n<\/tr>\n<tr>\n<td width=\"287\">\n<p align=\"center\">SCOALA GIMNAZIALA NOI\u015eTAT<\/p>\n<\/td>\n<td width=\"139\">\n<p align=\"center\">Jude\u0163: Sibiu;<br \/>\nLocalitate: Noistat;<br \/>\nStrada: NR. 171<\/p>\n<\/td>\n<td width=\"236\">\n<p align=\"center\">Scoala cu cls I-VIII<\/p>\n<\/td>\n<\/tr>\n<tr>\n<td width=\"287\">\n<p align=\"center\">GRADINITA IACOBENI<\/p>\n<\/td>\n<td width=\"139\">\n<p align=\"center\">Jude\u0163: Sibiu;<br \/>\nLocalitate: Iacobeni<\/p>\n<\/td>\n<td width=\"236\">\n<p align=\"center\">Gradinita cu program normal<\/p>\n<\/td>\n<\/tr>\n<\/tbody>\n<\/table>\n<p>&nbsp;<\/td>\n<\/tr>\n<\/tbody>\n<\/table>\n<!-- PHP 5.x -->","protected":false},"excerpt":{"rendered":"<p>LICEUL TEHNOLOGIC IACOBENI, Telefon 0269513765 DIRECTOR &#8211; prof. Vasile Z\u00c3M\u00c3C\u00c3U DIRECTOR ADJUNCT \u2013 prof. Nicolae MEDREA-SECERE Date de contact: Adresa Telefon Fax Email Jude\u0163: Sibiu; Localitate: Iacobeni; Strada: nr.67 A 0269513765 0269513765 sciacobeni@yahoo.com Detalii unitate: Unitate cu personaliate juridica Tip unitate Fel Da LICEU TEHNOLOGIC de stat Structura: Denumire structur\u0103 Adresa Tip unitate \u015eCOALA PRIMAR\u0102 [&hellip;]<\/p>\n","protected":false},"author":4,"featured_media":0,"parent":0,"menu_order":6,"comment_status":"open","ping_status":"open","template":"","meta":{"footnotes":"","_links_to":"","_links_to_target":""},"class_list":["post-68","page","type-page","status-publish","hentry"],"_links":{"self":[{"href":"https:\/\/www.liceuliacobeni.ro\/index.php?rest_route=\/wp\/v2\/pages\/68","targetHints":{"allow":["GET"]}}],"collection":[{"href":"https:\/\/www.liceuliacobeni.ro\/index.php?rest_route=\/wp\/v2\/pages"}],"about":[{"href":"https:\/\/www.liceuliacobeni.ro\/index.php?rest_route=\/wp\/v2\/types\/page"}],"author":[{"embeddable":true,"href":"https:\/\/www.liceuliacobeni.ro\/index.php?rest_route=\/wp\/v2\/users\/4"}],"replies":[{"embeddable":true,"href":"https:\/\/www.liceuliacobeni.ro\/index.php?rest_route=%2Fwp%2Fv2%2Fcomments&post=68"}],"version-history":[{"count":5,"href":"https:\/\/www.liceuliacobeni.ro\/index.php?rest_route=\/wp\/v2\/pages\/68\/revisions"}],"predecessor-version":[{"id":327,"href":"https:\/\/www.liceuliacobeni.ro\/index.php?rest_route=\/wp\/v2\/pages\/68\/revisions\/327"}],"wp:attachment":[{"href":"https:\/\/www.liceuliacobeni.ro\/index.php?rest_route=%2Fwp%2Fv2%2Fmedia&parent=68"}],"curies":[{"name":"wp","href":"https:\/\/api.w.org\/{rel}","templated":true}]}}